-28)/448). Let r(p) be the first derivative of p**4/4 - p**3 - 5*p**2/2 - 3*p - 1. Calculate r(j).
-7
Let q(s) be the second derivative of -s**3/6 + 2*s**2 - 51*s. Suppose 0 = -4*z + z + 18. Give q(z).
-2
Let t(b) = b**2 - 3*b + 1. Suppose 0 = -8*w + 5*w. Let a be (w + 0)*3/(-3) + 3. Give t(a).
1
Let v(y) = -2*y**3 + 1. Let o be v(-1). Let j = o + 3. Let n(c) = -c**3 + 6*c**2 + c - 7. Determine n(j).
-1
Let q be (-6)/(-33) + 84/22. Let a(w) be the second derivative of 1/20*w**5 + 6*w + w**3 + 0 - 2*w**2 - 5/12*w**4. What is a(q)?
4
Let m(y) = -y**3 - 6*y**2 + 2*y + 4. Suppose 0 = 5*s - 4*k - 11 + 21, 2*s - 3 = 3*k. Determine m(s).
-8
Let z(n) = -10*n - 5. Let m(o) = -5*o - 2. Let a(t) = -5*m(t) + 2*z(t). Let f be (0 - (0 + -1)) + 8. Let y be 3/f - (-2)/3. Calculate a(y).
5
Let m be (-5)/(35/30 + -2). Suppose 0 = 4*i - m*i + 10. Let g(w) = w**2 - 7*w + 5. Give g(i).
-5
Let x = -227 - -236. Let n(c) = -c**2 + 11*c - 12. What is n(x)?
6
Let w(n) be the second derivative of 0*n**2 - 7/12*n**4 - 1/40*n**5 + 0*n**3 - 1/720*n**6 + 3*n + 0. Let x(p) be the third derivative of w(p). Give x(-5).
2
Let v be (3/2)/(3/16). Let t be 24/(-9)*(-2)/((-16)/(-36)). Let y(d) = -3 - 2*d + t*d**2 + v*d - 11*d**2. Give y(-5).
-8
Let d(p) be the third derivative of 11*p**4/24 + p**3/3 - 30*p**2. Calculate d(1).
13
Let x be 0/(1 + (0 - 4)). Let p(q) = -q**2 - q + 5. Let l be p(x). Let r(c) = -7*c**3 + 6*c**3 - 6*c + 0 + 6*c**2 + l. What is r(5)?
0
Let n(b) be the third derivative of b**7/1260 - b**6/240 + b**4/8 - 2*b**2. Let q(t) be the second derivative of n(t). Determine q(3).
9
Let s(l) = l**3 - 4*l**2 - 7*l + 3. Let h = 278 - 273. Calculate s(h).
-7
Let a(b) be the second derivative of -5*b + 0 + 1/2*b**3 - b**2 - 1/12*b**4. Let s be 0 - (-6 - (-3 - 0)). Calculate a(s).
-2
Let f(o) = -1848 + 910 + 911 - 2*o. Calculate f(-10).
-7
Let v(o) be the second derivative of o**5/10 + 5*o**4/12 + 5*o**3/6 + 2*o**2 - 3*o. Let n be v(-3). Let b = 23 + n. Let h(t) = t + 2. Calculate h(b).
5
Let b(c) = -10*c**3 - 15*c**2 - 3*c - 10. Let i(u) = 3*u + 0*u - 7*u**2 - 7*u**3 - 3*u**2 - 7 - 5*u. Let w(d) = 5*b(d) - 7*i(d). Calculate w(-5).
4
Let u(o) be the second derivative of 1/6*o**3 - 16*o + 0 - 1/2*o**2. Give u(0).
-1
Let s(c) = -c. Let o = 12 + -9. Suppose -4*y + 20 = 5*a, o*y + 4*a = 2*a + 8. Suppose i - 1 - 4 = y. Determine s(i).
-5
Let r(b) = -7*b + 1. Let h be r(3). Let p be h/(-25) - 1/(-5). Let j = p - 4. Let a(n) = -n - 4. What is a(j)?
-1
Let c be 0 + 4 - 14/2. Let y be c + 5 + -1 + -4. Let j = y - -3. Let u(g) = g - 1. What is u(j)?
-1
Let q(s) be the second derivative of -s**4/4 - 61*s. Let x(k) = k**3 - k**2 + 1. Let g be x(0). What is q(g)?
-3
Suppose 13*s = 5*s - 2*s. Let m(i) = -i + 8. Give m(s).
8
Suppose 3*n = -k - 1, 3*n + 0*k - 19 = 4*k. Let u(v) be the third derivative of v**5/20 + v**4/12 - v**3/6 + 1374*v**2. Calculate u(n).
4
Let s(x) = -x**3 - 7*x**2 + x + 7. Let l be (-7)/((-1)/(-3)*3). Calculate s(l).
0
Let t = -3 - -3. Let k(a) be the second derivative of a**3/6 - a**2/2 + 4*a + 4. Calculate k(t).
-1
Let v = 64 - 44. Suppose 5*a + v = -o + 6*o, a - 5*o = -12. Let t(s) = 2*s**3 + 2*s**2 - 3*s - 2. Give t(a).
-4
Let a(r) = -r**3 + 2*r**2 + 5*r + 1. Let p(z) = 2*z**3 + 10*z**2 + 7*z - 2. Let o(q) = a(q) + p(q). Suppose 16 + 6 = -2*m. Determine o(m).
-12
Let c = -11 - -15. Let k(j) be the third derivative of j**6/120 - j**5/15 + 5*j**3/6 - 6*j**2. Give k(c).
5
Let u(f) = 9*f + 87. Suppose -15 = 5*z + 30. Let h be u(z). Let q(i) = -i + 5. Calculate q(h).
-1
Let s(t) = -7*t + 12. Let z(h) = h**2 - 5*h - 41. Let y be z(10). Determine s(y).
-51
Suppose -6 = 5*q - 1. Let j(f) = -5*f**2 - 6*f - 5. Let y(c) = 6*c**2 + 7*c + 6. Let h be (16/12)/(3/9). Let x(i) = h*y(i) + 5*j(i). Determine x(q).
0
Let g(y) = -2*y**3 - 4*y**2 + 6*y - 3. Let z(t) = 8*t**3 + 17*t**2 - 28*t + 11. Let h(q) = -9*g(q) - 2*z(q). Determine h(0).
5
Let n(h) = -3*h - 1 + 2 + 2. Suppose 814 = -5*y + 4*m, 2*m = 2*y + 3*m + 323. Let x be (y/(-3))/6*(-2)/(-6). Determine n(x).
-6
Let v(j) = -8*j**3 + 65*j**2 - 6*j - 64. Let a(m) = 17*m**3 - 137*m**2 + 12*m + 129. Let u(k) = 6*a(k) + 13*v(k). What is u(11)?
-3
Let r(w) = w**3 - 3*w**2 - 2*w - 5. Let p(s) = 3*s - 5. Let o be ((-6)/(-9))/((-6)/(-18)). Let n be p(o). Suppose 6*l - 25 + n = 0. Determine r(l).
3
Let m(i) = 2*i - 23. Let n be m(11). Let g(l) = -4*l**3 + l**2 - l - 1. Give g(n).
5
Let q(o) be the third derivative of 0*o - 1/60*o**5 + 8*o**2 + 0 - 1/3*o**3 + 1/3*o**4. Let s be q(8). Let a(b) = b + 2. Give a(s).
0
Let m(s) = 4*s. Let n(q) = -4*q. Let a(k) = 4*m(k) + 3*n(k). Give a(4).
16
Let m(v) = 25 + v + 9*v + 21 - 48. Let l(h) = 5*h - 1. Let u(f) = -7*l(f) + 4*m(f). What is u(2)?
9
Let r(x) = -3*x**2 - x + 1. Let t(j) = 16*j**2 + 6*j - 6. Let m(s) = -11*r(s) - 2*t(s). Let d = -753 + 754. Calculate m(d).
1
Let r be 0 - ((-50)/(-5))/(-5). Let d(q) = 4*q**r - 2*q**3 - 7*q**2 + q**3. Suppose -5*i - 15 = -0*i. Calculate d(i).
0
Let q(m) be the first derivative of -m**5/120 - m**4/24 + 8*m**3/3 - 3. Let f(r) be the third derivative of q(r). Give f(-6).
5
Let w(j) = -j**2 + j + 1. Suppose -13*z = -7*z - 36. Let s be (z/(-4))/(7/((-350)/15)). Give w(s).
-19
Let m(l) be the first derivative of -l**4/4 - 7*l**3/3 - l**2 - 10*l + 1. Suppose -5*a - 2 = -17. Suppose -3*d - 2*k - 11 = 0, k + a = 8. Give m(d).
4
Let n(c) be the second derivative of 1/12*c**4 - 25*c + 0 - 2*c**2 + 1/3*c**3. Let q = -2 + -1. Calculate n(q).
-1
Let h(t) = -t**3 - 3*t**2 + t - 3. Suppose -3*k - 57 = -6*k. Let p = 16 - k. Calculate h(p).
-6
Let t = -101 - -103. Suppose 2*w - 27 + 5 = -t*n, -5*n + 5 = -5*w. Let h(u) be the second derivative of -u**5/20 + u**4/2 + 7*u**2/2 + u. What is h(n)?
7
Let g(k) = 4*k + 1. Let w(v) = 53*v + 21. Let c(f) = -13*f - 5. Let b(n) = 9*c(n) + 2*w(n). Let o(j) = -6*b(j) - 17*g(j). Determine o(4).
-7
Let x(z) = -z - 9. Let l(k) = -2*k**2 - 3*k + 13. Let r be l(3). Give x(r).
5
Let f(w) = 16*w**2 - 10*w - 26*w**2 + 11*w**2 + 14. Determine f(6).
-10
Suppose 2*i - 8 = -4*j + 10, -i - 3 = -4*j. Let g(u) = -i*u + 5 - 2*u + 6*u - 7. Calculate g(7).
-9
Let q(f) = -3*f - 1 + 3 + 3*f + f. Let k be (10/(-8))/(4/(-16)). Suppose 0*v - k = v. Give q(v).
-3
Let p(g) = g. Let v(b) = -12*b - 3. Let y(o) = -9*p(o) - v(o). What is y(-6)?
-15
Let x(i) be the second derivative of 2*i**5/15 + i**4/12 - i**3/6 - i**2/2 + i. Let k(r) be the first derivative of x(r). Suppose 15 - 14 = h. Determine k(h).
9
Let b(h) = 4*h**2 - 5. Let s(w) = -w**2 + 2. Let i(p) = -b(p) - 3*s(p). Give i(3).
-10
Let c(l) = 17*l - 29*l + 15*l - l**2. Give c(4).
-4
Suppose -5*j + 70 = 3*g, -4*g + 2*j - 104 = -9*g. Let x(c) = 2 + 19*c - g*c - 3. Let i = -1 - -1. Give x(i).
-1
Let h(a) = -a**2 + 2*a + 4. Suppose -1 = 3*b + 5*j, 19*j - 20*j = 2*b - 4. Give h(b).
1
Let x(j) be the first derivative of -1/6*j**4 - 3 + 0*j + 2*j**2 - 1/6*j**3. Let w(y) be the second derivative of x(y). Give w(3).
-13
Let o(g) = -19*g + 74. Let r(h) = 3*h - 11. Let n(p) = -o(p) - 6*r(p). Suppose -3*t = 5*a - 10, 2*t + 0*a - a = -2. Give n(t).
-8
Let h(r) = -3*r - 16. Let p be h(-7). Let v(y) = p*y + 3 - 3*y + 2*y. What is v(-2)?
-5
Let i(g) = 5 + g**2 - 12*g + 5 + g**2 - 1 + 27*g. Determine i(-6).
-9
Let r be ((-4)/2 + 0)/(1 - 3). Let c(a) = -r + 4 - a**2 - 156*a + 166*a. What is c(10)?
3
Let j(y) = y**3 + 2*y**2 - 4*y + 1. Suppose 21*g = 8*g - 52. Let c = g + 0. Calculate j(c).
-15
Let a(m) = -7*m + 1. Let k(d) = -21*d + 5. Let z(t) = 8*a(t) - 3*k(t). Calculate z(-4).
-35
Suppose -4*w = -9*w. Suppose -1 = -z - w*z. Let x(r) = -r**2 + r + 1. Determine x(z).
1
Let k(o) = -o**2 - 3*o + 4. Let v = -60 + 76. Let t(q) = q**2 - 6*q + 4. Let a be t(6). Suppose j + w = -8, a*j + w = j - v. Calculate k(j).
0
Let b(t) = -3*t - 9. Let m(k) = 4*k + 171. Let q be m(-41). Determine b(q).
-30
Let o(f) = f - 1. Let x be 4*(0 + ((-5)/(-10))/(-1)). Determine o(x).
-3
Suppose 0 = 6*w + 51 - 39. Let b(x) = 5*x**3 + 3*x**2 + x + 1. What is b(w)?
-29
Let x(n) = -n**3 + n**2 - 5. Suppose -5*w - z = -5*z + 8, -4 = -2*z. Let i be x(w). Let u(v) = -2*v - 6. Give u(i).
4
Let n(b) = -b + 2. Let x(l) = -l + 2. Let v(c) = 2*n(c) - 3*x(c). Let p be 2 + (-2 + 4 - -1). What is v(p)?
3
Suppose -3*y + 3*j - 9 = -0*y, 2*y = 5*j - 18. Let s(w) 